{"id":517,"date":"2021-07-04T15:24:09","date_gmt":"2021-07-04T13:24:09","guid":{"rendered":"https:\/\/ifab3d.com\/?post_type=product&#038;p=517"},"modified":"2021-07-04T15:38:52","modified_gmt":"2021-07-04T13:38:52","slug":"indicateur-de-fermeture-de-porte-coulissante-de-baie-vitree","status":"publish","type":"product","link":"https:\/\/ifab3d.com\/?product=indicateur-de-fermeture-de-porte-coulissante-de-baie-vitree","title":{"rendered":"Indicateur de fermeture de porte coulissante de baie vitr\u00e9e"},"content":{"rendered":"<p>Pi\u00e8ce indiquant la position de la fermeture de porte coulissante.<\/p>\n<p>La pi\u00e8ce imprim\u00e9e est grise et sans les 2 points de couleur rouge et vert (\u00e0 droite sur la photo)<\/p>\n","protected":false},"excerpt":{"rendered":"<p>Pi\u00e8ce indiquant la position de la fermeture de porte coulissante.<\/p>\n<p>La pi\u00e8ce imprim\u00e9e est grise et sans les 2 points de couleur rouge et vert (\u00e0 droite sur la photo)<\/p>\n<p>&nbsp;<\/p>\n","protected":false},"featured_media":518,"comment_status":"open","ping_status":"closed","template":"","meta":{"_et_pb_use_builder":"","_et_pb_old_content":"","_et_gb_content_width":"","spay_email":"","jetpack_publicize_message":"","jetpack_is_tweetstorm":false,"jetpack_publicize_feature_enabled":true},"product_cat":[20,34],"product_tag":[],"jetpack_publicize_connections":[],"jetpack_sharing_enabled":true,"_links":{"self":[{"href":"https:\/\/ifab3d.com\/index.php?rest_route=\/wp\/v2\/product\/517"}],"collection":[{"href":"https:\/\/ifab3d.com\/index.php?rest_route=\/wp\/v2\/product"}],"about":[{"href":"https:\/\/ifab3d.com\/index.php?rest_route=\/wp\/v2\/types\/product"}],"replies":[{"embeddable":true,"href":"https:\/\/ifab3d.com\/index.php?rest_route=%2Fwp%2Fv2%2Fcomments&post=517"}],"wp:featuredmedia":[{"embeddable":true,"href":"https:\/\/ifab3d.com\/index.php?rest_route=\/wp\/v2\/media\/518"}],"wp:attachment":[{"href":"https:\/\/ifab3d.com\/index.php?rest_route=%2Fwp%2Fv2%2Fmedia&parent=517"}],"wp:term":[{"taxonomy":"product_cat","embeddable":true,"href":"https:\/\/ifab3d.com\/index.php?rest_route=%2Fwp%2Fv2%2Fproduct_cat&post=517"},{"taxonomy":"product_tag","embeddable":true,"href":"https:\/\/ifab3d.com\/index.php?rest_route=%2Fwp%2Fv2%2Fproduct_tag&post=517"}],"curies":[{"name":"wp","href":"https:\/\/api.w.org\/{rel}","templated":true}]}}